{"text_format":"3","workbook":"xlsx","n_sheets":5,"sheets":["Dashboard","Readme","Employee Data","Calculations","PSW_Sheet"],"not_rendered":{"charts":5,"defined_names":19},"cells_cut":7,"read":"whole","date_system":"1900"}

{"sheet":"Dashboard","index":0,"n_rows":42,"n_cols":26,"rows_kept":42,"merged":[[0,1,0,16],[34,11,34,12],[34,13,34,15],[35,11,35,12],[35,13,35,15],[36,11,36,12],[36,13,36,15],[37,11,37,12],[37,13,37,15],[38,11,38,12],[38,13,38,15],[39,11,39,12],[39,13,39,15],[40,11,40,12],[40,13,40,15],[41,11,41,12],[41,13,41,15]]}
[null,"HUMAN RESOURCES"]
[]
[{"$nulls":25},"Accounting"]
[{"$nulls":25},"Administration"]
[{"$nulls":25},"Customer Support"]
[{"$nulls":25},"Finance"]
[{"$nulls":25},"Human Resources"]
[{"$nulls":25},"IT"]
[{"$nulls":25},"Sales"]
{"$rows_empty":20}
[{"$nulls":21},82]
[]
[]
[]
[]
[{"$nulls":11},"Employee",null,{"$f":"INDEX('Employee Data'!A3:A98,Dashboard!V30)","v":"Ryan Kennedy "}]
[{"$nulls":11},"Department",null,{"$f":"VLOOKUP($N$35,'Employee Data'!$A$3:$H$98,6,FALSE)","v":"Customer Support"}]
[{"$nulls":11},"Hire Date",null,{"$f":"VLOOKUP($N$35,'Employee Data'!$A$3:$H$98,2,FALSE)","v":"2001-12-24"}]
[{"$nulls":11},"Salary",null,{"$f":"VLOOKUP($N$35,'Employee Data'!$A$3:$H$98,3,FALSE)","v":{"v":81000,"d":"$81,000"}}]
[{"$nulls":11},"Bonus",null,{"$f":"VLOOKUP($N$35,'Employee Data'!$A$3:$H$98,4,FALSE)","v":{"v":4860,"d":"$4,860"}}]
[{"$nulls":11},"Overtime",null,{"$f":"VLOOKUP($N$35,'Employee Data'!$A$3:$H$98,5,FALSE)","v":{"v":0,"d":"$0"}}]
[{"$nulls":11},"Sick Days",null,{"$f":"VLOOKUP($N$35,'Employee Data'!$A$3:$H$98,7,FALSE)","v":4}]
[{"$nulls":11},"Performance Score",null,{"$f":"VLOOKUP($N$35,'Employee Data'!$A$3:$H$98,8,FALSE)","v":2}]

{"sheet":"Readme","index":1,"n_rows":20,"n_cols":4,"rows_kept":20}
[]
[]
[{"$nulls":3},"Follow the steps to enable your online Human Resources Dashboard."]
[null,null,"1)","This is a HR Dashboard for a sample data. You can enter your data in \"Employee Data\" sheet."]
[null,null,"2)","Your HR Dashboard is ready to use. Further steps for online use. First visit the site below:"]
[{"$nulls":3},"http://www.spreadsheetweb.com/getting_started.htm"]
[{"$nulls":3},"Ignore the downloaded software, you will only need the username and password."]
[null,null,"3)","Visit the site below and login with your new account:"]
[{"$nulls":3},"https://www4.spreadsheetweb.com/SpreadsheetWEB//"]
[null,null,"4)","Click \"Add Web Application\" to upload this file. Your dashboard will be created automatically."]
[{"$nulls":3},"You can simply use the dashboard from that link or place it on your website."]
[null,null,">>","Your online tracker will look like:"]
[{"$nulls":3},"https://www4.spreadsheetweb.com/SpreadSheetWEB/Output.aspx?ApplicationId=8f797910-faec-4989-af55-77228d02fe4e"]
[null,null,">>","Using your account, you can upload more Excel applications to the web. You can see tutorials in the link below:"]
[{"$nulls":3},"http://www.spreadsheetweb.com/tutorials.htm"]
[null,null,">>","In order to see more online applications created with PSW you can check the link below:"]
[{"$nulls":3},"http://www.spreadsheetweb.com/demos.htm"]
[]
[]
[{"$nulls":3},"Copyright (c) 2009 Pagos, Inc., http://www.pagos.com/"]

{"sheet":"Employee Data","index":2,"n_rows":98,"n_cols":8,"rows_kept":98}
[]
["Full Name","Hire Date","Salary","Bonus","Overtime","Department","Sick Days","Performance Score"]
["Rose Moreno","2007-05-09",{"v":16000,"d":"$16,000"},{"v":2080,"d":"$2,080"},{"v":160,"d":"$160"},"Finance",3,4]
["Richard  Garza","2003-01-16",{"v":25000,"d":"$25,000"},{"v":750,"d":"$750"},{"v":750,"d":"$750"},"Administration",8,1]
["Christopher Battah","2008-05-13",{"v":25000,"d":"$25,000"},{"v":1500,"d":"$1,500"},{"v":750,"d":"$750"},"Human Resources",6,2]
["Margaret Pavlovich","2007-07-20",{"v":26000,"d":"$26,000"},{"v":3380,"d":"$3,380"},{"v":780,"d":"$780"},"Finance",8,4]
["Johnathan A Wilhite","2004-06-08",{"v":27000,"d":"$27,000"},{"v":810,"d":"$810"},{"v":2160,"d":"$2,160"},"Marketing",9,1]
["Saif Perrine","2006-03-01",{"v":27000,"d":"$27,000"},{"v":4500,"d":"$4,500"},{"v":0,"d":"$0"},"Marketing",7,5]
["Janalee Eggleston","2001-10-21",{"v":28000,"d":"$28,000"},{"v":4200,"d":"$4,200"},{"v":0,"d":"$0"},"R&D",6,5]
["Eric W. Kilbride","2005-09-25",{"v":28000,"d":"$28,000"},{"v":3640,"d":"$3,640"},{"v":1400,"d":"$1,400"},"Administration",7,4]
["Matthew Tait","2002-02-16",{"v":30000,"d":"$30,000"},{"v":3300,"d":"$3,300"},{"v":3000,"d":"$3,000"},"Customer Support",4,4]
["Shireen Battah","2003-04-30",{"v":30000,"d":"$30,000"},{"v":1800,"d":"$1,800"},{"v":1800,"d":"$1,800"},"Accounting",1,2]
["Joshua Daniel","2003-03-22",{"v":31000,"d":"$31,000"},{"v":2790,"d":"$2,790"},{"v":310,"d":"$310"},"Administration",4,3]
["Roshan Coon","2007-05-01",{"v":31000,"d":"$31,000"},{"v":1240,"d":"$1,240"},{"v":930,"d":"$930"},"Human Resources",2,1]
["Joeanne Melendez","2001-05-04",{"v":32000,"d":"$32,000"},{"v":2240,"d":"$2,240"},{"v":0,"d":"$0"},"R&D",9,2]
["Ricardo Bergman","2007-10-26",{"v":32000,"d":"$32,000"},{"v":4160,"d":"$4,160"},{"v":640,"d":"$640"},"R&D",8,4]
["Willow Nevandro","2000-10-18",{"v":34000,"d":"$34,000"},{"v":4420,"d":"$4,420"},{"v":2040,"d":"$2,040"},"Administration",8,4]
["Donna K. Bulgar","2007-08-23",{"v":34000,"d":"$34,000"},{"v":4080,"d":"$4,080"},{"v":3060,"d":"$3,060"},"IT",5,4]
["Kelley Reneau","2006-01-09",{"v":35000,"d":"$35,000"},{"v":1750,"d":"$1,750"},{"v":1050,"d":"$1,050"},"Accounting",7,2]
["Sara Webb","2007-10-09",{"v":35000,"d":"$35,000"},{"v":3500,"d":"$3,500"},{"v":2100,"d":"$2,100"},"R&D",8,3]
["Genevieve   Knapp","2006-04-02",{"v":35000,"d":"$35,000"},{"v":26000,"d":"$26,000"},{"v":0,"d":"$0"},"Sales",1,3]
["Ian Helmer ","2008-12-13",{"v":36000,"d":"$36,000"},{"v":2520.0000000000005,"d":"$2,520"},{"v":1800,"d":"$1,800"},"Marketing",1,2]
["Tiffany M Blake","2008-04-28",{"v":38000,"d":"$38,000"},{"v":1900,"d":"$1,900"},{"v":0,"d":"$0"},"IT",4,2]
["Saxton Peterson","2008-03-15",{"v":39000,"d":"$39,000"},{"v":780,"d":"$780"},{"v":390,"d":"$390"},"Marketing",9,1]
["Melissa Torruella","2005-10-19",{"v":40000,"d":"$40,000"},{"v":5600.000000000001,"d":"$5,600"},{"v":0,"d":"$0"},"Customer Support",7,5]
["Yvette Hurtado ","2003-12-14",{"v":40000,"d":"$40,000"},{"v":1600,"d":"$1,600"},{"v":1600,"d":"$1,600"},"Finance",6,1]
["Benny Melendez","2008-09-28",{"v":41000,"d":"$41,000"},{"v":2050,"d":"$2,050"},{"v":1640,"d":"$1,640"},"Human Resources",9,2]
["Steven  Bolin","2002-02-02",{"v":42000,"d":"$42,000"},{"v":2520,"d":"$2,520"},{"v":3780,"d":"$3,780"},"Accounting",9,2]
["Brian M Stucki","2001-05-10",{"v":43000,"d":"$43,000"},{"v":4730,"d":"$4,730"},{"v":0,"d":"$0"},"Sales",7,4]
["Kelly Queen","2001-01-13",{"v":43000,"d":"$43,000"},{"v":42000,"d":"$42,000"},{"v":0,"d":"$0"},"Sales",5,5]
["Jacqueline N. Hildebrand","2006-08-11",{"v":44000,"d":"$44,000"},{"v":1320,"d":"$1,320"},{"v":880,"d":"$880"},"Finance",6,1]
["Julia  Hegwood ","2000-08-24",{"v":45000,"d":"$45,000"},{"v":37000,"d":"$37,000"},{"v":0,"d":"$0"},"Sales",9,4]
["William Melendez","2004-05-24",{"v":45000,"d":"$45,000"},{"v":5850,"d":"$5,850"},{"v":4500,"d":"$4,500"},"Administration",4,4]
["Heela Kraft","2008-12-08",{"v":45000,"d":"$45,000"},{"v":900,"d":"$900"},{"v":0,"d":"$0"},"IT",7,1]
["Matthew W Yamaguchi","2005-05-20",{"v":46000,"d":"$46,000"},{"v":2300,"d":"$2,300"},{"v":0,"d":"$0"},"Sales",3,2]
["Manuel Steele","2002-07-05",{"v":47000,"d":"$47,000"},{"v":2820,"d":"$2,820"},{"v":470,"d":"$470"},"Human Resources",7,2]
["James Wilson","2002-01-03",{"v":48000,"d":"$48,000"},{"v":5760,"d":"$5,760"},{"v":4800,"d":"$4,800"},"Accounting",7,4]
["Bryan Brier","2004-08-01",{"v":48000,"d":"$48,000"},{"v":3840,"d":"$3,840"},{"v":4320,"d":"$4,320"},"Finance",8,3]
["Rebecca L. Haight","2005-02-14",{"v":48000,"d":"$48,000"},{"v":6720.000000000001,"d":"$6,720"},{"v":2400,"d":"$2,400"},"Accounting",4,5]
["Rikkie J Mahone","2003-11-27",{"v":48000,"d":"$48,000"},{"v":6240,"d":"$6,240"},{"v":480,"d":"$480"},"Marketing",6,4]
["Grant Tomasevic","2008-01-29",{"v":48000,"d":"$48,000"},{"v":4800,"d":"$4,800"},{"v":3360.0000000000005,"d":"$3,360"},"R&D",7,3]
["Alicia A. Elmasian","2008-01-25",{"v":51000,"d":"$51,000"},{"v":6630,"d":"$6,630"},{"v":2040,"d":"$2,040"},"Human Resources",9,4]
["Natalie H. Woodford","2005-12-21",{"v":52000,"d":"$52,000"},{"v":1560,"d":"$1,560"},{"v":3640.0000000000005,"d":"$3,640"},"R&D",11,1]
["Jena Coon","2007-06-28",{"v":53000,"d":"$53,000"},{"v":35000,"d":"$35,000"},{"v":0,"d":"$0"},"Sales",3,3]
["Ernest Trent","2007-06-25",{"v":53000,"d":"$53,000"},{"v":5300,"d":"$5,300"},{"v":530,"d":"$530"},"Marketing",3,3]
["Martie Elmasian","2000-12-07",{"v":54000,"d":"$54,000"},{"v":5400,"d":"$5,400"},{"v":3780.0000000000005,"d":"$3,780"},"Administration",7,3]
["Cristhian Roth","2001-04-02",{"v":54000,"d":"$54,000"},{"v":1620,"d":"$1,620"},{"v":4320,"d":"$4,320"},"Administration",8,1]
["Rebecca Negrete","2004-04-27",{"v":54000,"d":"$54,000"},{"v":5400,"d":"$5,400"},{"v":4860,"d":"$4,860"},"Accounting",6,3]
["Michelle  Shevlin","2006-02-28",{"v":54000,"d":"$54,000"},{"v":8100,"d":"$8,100"},{"v":1620,"d":"$1,620"},"R&D",9,5]
["Micah Chokeir","2001-12-21",{"v":55000,"d":"$55,000"},{"v":1100,"d":"$1,100"},{"v":0,"d":"$0"},"IT",9,1]
["Julie Yost","2003-11-07",{"v":57000,"d":"$57,000"},{"v":3990.0000000000005,"d":"$3,990"},{"v":570,"d":"$570"},"Finance",8,2]
["Jonathan C. Parnell","2003-12-04",{"v":57000,"d":"$57,000"},{"v":5130,"d":"$5,130"},{"v":3420,"d":"$3,420"},"Marketing",6,3]
["Jeremiah De Grazia","2000-09-08",{"v":58000,"d":"$58,000"},{"v":5220,"d":"$5,220"},{"v":5220,"d":"$5,220"},"Finance",5,3]
["Stacy L Chen","2001-11-23",{"v":59000,"d":"$59,000"},{"v":8850,"d":"$8,850"},{"v":0,"d":"$0"},"Human Resources",3,5]
["Elena Miriam Hillen ","2001-10-22",{"v":59000,"d":"$59,000"},{"v":5900,"d":"$5,900"},{"v":0,"d":"$0"},"IT",7,3]
["Natalie H. Zeidell","2001-10-24",{"v":59000,"d":"$59,000"},{"v":5310,"d":"$5,310"},{"v":590,"d":"$590"},"IT",7,3]
["Alyssa Adefioye","2007-02-11",{"v":59000,"d":"$59,000"},{"v":7080,"d":"$7,080"},{"v":1180,"d":"$1,180"},"Customer Support",5,4]
["Kevin Nevandro","2007-08-07",{"v":60000,"d":"$60,000"},{"v":8400,"d":"$8,400"},{"v":0,"d":"$0"},"Sales",8,5]
["Cassandra Perry","2004-06-07",{"v":62000,"d":"$62,000"},{"v":8060,"d":"$8,060"},{"v":3100,"d":"$3,100"},"R&D",9,4]
["Krisaundra Hightower","2005-05-05",{"v":62000,"d":"$62,000"},{"v":8060,"d":"$8,060"},{"v":1240,"d":"$1,240"},"Finance",6,4]
["Cindy Summerville","2001-06-23",{"v":63000,"d":"$63,000"},{"v":7560,"d":"$7,560"},{"v":4410,"d":"$4,410"},"IT",9,4]
["Erik G. Rinehart","2003-11-04",{"v":63000,"d":"$63,000"},{"v":7560,"d":"$7,560"},{"v":0,"d":"$0"},"IT",4,4]
["Ahlam Aby","2008-07-09",{"v":63000,"d":"$63,000"},{"v":3150,"d":"$3,150"},{"v":3780,"d":"$3,780"},"Accounting",3,2]
["Alexis Ripley","2001-12-03",{"v":64000,"d":"$64,000"},{"v":2560,"d":"$2,560"},{"v":0,"d":"$0"},"Administration",3,1]
["Michelle  Greenwell","2003-10-27",{"v":64000,"d":"$64,000"},{"v":8320,"d":"$8,320"},{"v":5120,"d":"$5,120"},"Administration",6,4]
["Ricardo Sherrell","2007-11-21",{"v":64000,"d":"$64,000"},{"v":5760,"d":"$5,760"},{"v":0,"d":"$0"},"IT",4,3]
["Matthew H. Rios","2007-09-17",{"v":65000,"d":"$65,000"},{"v":3900,"d":"$3,900"},{"v":0,"d":"$0"},"Marketing",4,2]
["Laura S Greenwell","2006-04-17",{"v":65000,"d":"$65,000"},{"v":1300,"d":"$1,300"},{"v":1300,"d":"$1,300"},"Human Resources",4,1]
["Bryan Anderson","2001-10-06",{"v":66000,"d":"$66,000"},{"v":2640,"d":"$2,640"},{"v":1320,"d":"$1,320"},"Accounting",9,1]
["Marylou M. Diaz","2007-04-16",{"v":66000,"d":"$66,000"},{"v":1320,"d":"$1,320"},{"v":1980,"d":"$1,980"},"Marketing",1,1]
["Joshua Fields","2007-11-14",{"v":67000,"d":"$67,000"},{"v":41000,"d":"$41,000"},{"v":0,"d":"$0"},"Sales",8,3]
["Stephen H. Thomas","2006-12-22",{"v":67000,"d":"$67,000"},{"v":8040,"d":"$8,040"},{"v":3350,"d":"$3,350"},"Finance",8,4]
["Jacqueline N. Gappy","2003-05-29",{"v":68000,"d":"$68,000"},{"v":8840,"d":"$8,840"},{"v":5440,"d":"$5,440"},"Human Resources",4,4]
["Corine M. Henderson","2000-08-07",{"v":72000,"d":"$72,000"},{"v":2880,"d":"$2,880"},{"v":6480,"d":"$6,480"},"R&D",15,1]
["Laura Aguirre","2005-08-04",{"v":72000,"d":"$72,000"},{"v":2160,"d":"$2,160"},{"v":2880,"d":"$2,880"},"Accounting",7,1]
["Rosa I. Peralta","2004-11-19",{"v":73000,"d":"$73,000"},{"v":1460,"d":"$1,460"},{"v":5110.000000000001,"d":"$5,110"},"IT",8,1]
["Harman Abraha","2003-07-21",{"v":74000,"d":"$74,000"},{"v":8140,"d":"$8,140"},{"v":2220,"d":"$2,220"},"Accounting",9,4]
["Jesse Wooten","2001-12-21",{"v":75000,"d":"$75,000"},{"v":9750,"d":"$9,750"},{"v":1500,"d":"$1,500"},"Administration",6,4]
["Elena Miriam Woodburn","2005-03-09",{"v":76000,"d":"$76,000"},{"v":7600,"d":"$7,600"},{"v":2280,"d":"$2,280"},"R&D",9,3]
["Gabriel R. Self","2002-02-08",{"v":77000,"d":"$77,000"},{"v":11550,"d":"$11,550"},{"v":0,"d":"$0"},"IT",2,5]
["Micah Talia","2004-11-22",{"v":77000,"d":"$77,000"},{"v":5390.000000000001,"d":"$5,390"},{"v":0,"d":"$0"},"R&D",14,2]
["Benny Erwin","2003-12-03",{"v":77000,"d":"$77,000"},{"v":28000,"d":"$28,000"},{"v":0,"d":"$0"},"Sales",5,3]
["James Oberndorfer","2008-04-26",{"v":80000,"d":"$80,000"},{"v":52000,"d":"$52,000"},{"v":0,"d":"$0"},"Sales",6,4]
["Ryan Kennedy ","2001-12-24",{"v":81000,"d":"$81,000"},{"v":4860,"d":"$4,860"},{"v":0,"d":"$0"},"Customer Support",4,2]
["Julie Harken","2003-12-04",{"v":83000,"d":"$83,000"},{"v":32000,"d":"$32,000"},{"v":0,"d":"$0"},"Sales",4,2]
["Tamara Pacheco","2005-03-25",{"v":85000,"d":"$85,000"},{"v":1700,"d":"$1,700"},{"v":0,"d":"$0"},"IT",6,1]
["Ann Sharp","2006-02-02",{"v":85000,"d":"$85,000"},{"v":9350,"d":"$9,350"},{"v":0,"d":"$0"},"IT",9,4]
["Elena Miriam Takahashi","2006-05-06",{"v":85000,"d":"$85,000"},{"v":9350,"d":"$9,350"},{"v":0,"d":"$0"},"IT",7,4]
["Katherine Battah","2005-03-04",{"v":87000,"d":"$87,000"},{"v":7830,"d":"$7,830"},{"v":7830,"d":"$7,830"},"Customer Support",1,3]
["John  Michael","2007-03-19",{"v":87000,"d":"$87,000"},{"v":13050,"d":"$13,050"},{"v":6960,"d":"$6,960"},"Marketing",6,5]
["Alison Johnson","2000-05-13",{"v":89000,"d":"$89,000"},{"v":8010,"d":"$8,010"},{"v":0,"d":"$0"},"Marketing",2,3]
["Jessica Rodriguez","2008-03-01",{"v":94000,"d":"$94,000"},{"v":5640,"d":"$5,640"},{"v":0,"d":"$0"},"Human Resources",6,2]
["Joshua Johnson","2006-09-02",{"v":96000,"d":"$96,000"},{"v":4800,"d":"$4,800"},{"v":7680,"d":"$7,680"},"Finance",8,2]
["Tony Merrick","2001-09-18",{"v":105000,"d":"$105,000"},{"v":15750,"d":"$15,750"},{"v":0,"d":"$0"},"R&D",8,5]
["Ernest Talia","2008-09-15",{"v":110000,"d":"$110,000"},{"v":6600,"d":"$6,600"},{"v":5500,"d":"$5,500"},"Administration",4,2]
["Moriel Caldwell","2006-11-16",{"v":119000,"d":"$119,000"},{"v":10710,"d":"$10,710"},{"v":4760,"d":"$4,760"},"R&D",4,3]
["Ryan  Mesko","2003-10-18",{"v":123000,"d":"$123,000"},{"v":17220,"d":"$17,220"},{"v":4920,"d":"$4,920"},"Administration",7,5]
["Brian Tomasevic","2008-10-30",{"v":145000,"d":"$145,000"},{"v":15950,"d":"$15,950"},{"v":5800,"d":"$5,800"},"Administration",6,4]

{"sheet":"Calculations","index":3,"n_rows":23,"n_cols":10,"rows_kept":23}
[]
[null,"Year","Employee",{"$nulls":5},"Salary Range","Employee Count"]
["2000-12-31",2000,{"$f":"COUNTIF('Employee Data'!$B$3:$B$98,\"<\"&A3)","v":6},null,null,0,30000,{"$f":"COUNTIF('Employee Data'!$C$3:$C$98,\"<\"&G3)","v":8},"<$30,000",{"$f":"H3","v":8}]
["2001-12-31",2001,{"$f":"COUNTIF('Employee Data'!$B$3:$B$98,\"<\"&A4)","v":21},null,null,30000,40000,{"$f":"COUNTIF('Employee Data'!$C$3:$C$98,\"<\"&G4)","v":22},"$30,000-$40,000",{"$f":"H4-H3","v":14}]
["2002-12-31",2002,{"$f":"COUNTIF('Employee Data'!$B$3:$B$98,\"<\"&A5)","v":26},null,null,40000,50000,{"$f":"COUNTIF('Employee Data'!$C$3:$C$98,\"<\"&G5)","v":39},"$40,000-$50,000",{"$f":"H5-H4","v":17}]
["2003-12-31",2003,{"$f":"COUNTIF('Employee Data'!$B$3:$B$98,\"<\"&A6)","v":40},null,null,50000,60000,{"$f":"COUNTIF('Employee Data'!$C$3:$C$98,\"<\"&G6)","v":55},"$50,000-$60,000",16]
["2004-12-31",2004,{"$f":"COUNTIF('Employee Data'!$B$3:$B$98,\"<\"&A7)","v":47},null,null,60000,70000,{"$f":"COUNTIF('Employee Data'!$C$3:$C$98,\"<\"&G7)","v":71},"$60,000-$70,000",16]
["2005-12-31",2005,{"$f":"COUNTIF('Employee Data'!$B$3:$B$98,\"<\"&A8)","v":57},null,null,70000,80000,{"$f":"COUNTIF('Employee Data'!$C$3:$C$98,\"<\"&G8)","v":80},"$70,000-$80,000",9]
["2006-12-31",2006,{"$f":"COUNTIF('Employee Data'!$B$3:$B$98,\"<\"&A9)","v":68},null,null,80000,90000,{"$f":"COUNTIF('Employee Data'!$C$3:$C$98,\"<\"&G9)","v":89},"$80,000-$90,000",9]
["2007-12-31",2007,{"$f":"COUNTIF('Employee Data'!$B$3:$B$98,\"<\"&A10)","v":83},null,null,90000,100000,{"$f":"COUNTIF('Employee Data'!$C$3:$C$98,\"<\"&G10)","v":91},"$90,000-$100,000",2]
["2008-12-31",2008,{"$f":"COUNTIF('Employee Data'!$B$3:$B$98,\"<\"&A11)","v":96},null,null,100000,200000,{"$f":"COUNTIF('Employee Data'!$C$3:$C$98,\"<\"&G11)","v":96},">$100,000",5]
[]
[]
["Department","Salary","Bonus","Overtime","Total","Number of Employees","Average Salary","Total Sick Days","Average Sick Days"]
["Accounting",{"$f":"SUMIF('Employee Data'!$F$3:$F$98,$A15,'Employee Data'!C$3:C$98)","v":{"v":532000,"d":"$532,000"}},{"$f":"SUMIF('Employee Data'!$F$3:$F$98,$A15,'Employee Data'!D$3:D$98)","v":{"v":40040,"d":"$40,040"}},{"$f":"SUMIF('Employee Data'!$F$3:$F$98,$A15,'Employee Data'!E$3:E$98)","v":{"v":28890,"d":"$28,890"}},{"$f":"SUM(B15:D15)","v":{"v":600930,"d":"$600,930"}},{"$f":"COUNTIF('Employee Data'!$F$3:$F$98,\"=\"&A15)","v":10},{"$f":"ROUND(B15/F15,0)","v":{"v":53200,"d":"$53,200"}},{"$f":"SUMIF('Employee Data'!$F$3:$F$98,A15,'Employee Data'!$G$3:$G$98)","v":62},{"$f":"ROUND(H15/F15,1)","v":6.2}]
["Administration",{"$f":"SUMIF('Employee Data'!$F$3:$F$98,$A16,'Employee Data'!$C$3:$C$98)","v":{"v":852000,"d":"$852,000"}},{"$f":"SUMIF('Employee Data'!$F$3:$F$98,$A16,'Employee Data'!D$3:D$98)","v":{"v":84870,"d":"$84,870"}},{"$f":"SUMIF('Employee Data'!$F$3:$F$98,$A16,'Employee Data'!E$3:E$98)","v":{"v":39940,"d":"$39,940"}},{"$f":"SUM(B16:D16)","v":{"v":976810,"d":"$976,810"}},{"$f":"COUNTIF('Employee Data'!$F$3:$F$98,\"=\"&A16)","v":13},{"v":65538,"d":"$65,538"},{"$f":"SUMIF('Employee Data'!$F$3:$F$98,A16,'Employee Data'!$G$3:$G$98)","v":78},{"$f":"ROUND(H16/F16,1)","v":6}]
["Customer Support",{"$f":"SUMIF('Employee Data'!$F$3:$F$98,$A17,'Employee Data'!$C$3:$C$98)","v":{"v":297000,"d":"$297,000"}},{"$f":"SUMIF('Employee Data'!$F$3:$F$98,$A17,'Employee Data'!D$3:D$98)","v":{"v":28670,"d":"$28,670"}},{"$f":"SUMIF('Employee Data'!$F$3:$F$98,$A17,'Employee Data'!E$3:E$98)","v":{"v":12010,"d":"$12,010"}},{"v":337680,"d":"$337,680"},{"$f":"COUNTIF('Employee Data'!$F$3:$F$98,\"=\"&A17)","v":5},{"v":59400,"d":"$59,400"},{"$f":"SUMIF('Employee Data'!$F$3:$F$98,A17,'Employee Data'!$G$3:$G$98)","v":21},4.2]
["Finance",{"$f":"SUMIF('Employee Data'!$F$3:$F$98,$A18,'Employee Data'!$C$3:$C$98)","v":{"v":514000,"d":"$514,000"}},{"$f":"SUMIF('Employee Data'!$F$3:$F$98,$A18,'Employee Data'!D$3:D$98)","v":{"v":42330,"d":"$42,330"}},{"$f":"SUMIF('Employee Data'!$F$3:$F$98,$A18,'Employee Data'!E$3:E$98)","v":{"v":25800,"d":"$25,800"}},{"v":582130,"d":"$582,130"},{"$f":"COUNTIF('Employee Data'!$F$3:$F$98,\"=\"&A18)","v":10},{"v":51400,"d":"$51,400"},{"$f":"SUMIF('Employee Data'!$F$3:$F$98,A18,'Employee Data'!$G$3:$G$98)","v":66},6.6]
["Human Resources",{"$f":"SUMIF('Employee Data'!$F$3:$F$98,$A19,'Employee Data'!$C$3:$C$98)","v":{"v":481000,"d":"$481,000"}},{"$f":"SUMIF('Employee Data'!$F$3:$F$98,$A19,'Employee Data'!D$3:D$98)","v":{"v":38870,"d":"$38,870"}},{"$f":"SUMIF('Employee Data'!$F$3:$F$98,$A19,'Employee Data'!E$3:E$98)","v":{"v":12570,"d":"$12,570"}},{"v":532440,"d":"$532,440"},{"$f":"COUNTIF('Employee Data'!$F$3:$F$98,\"=\"&A19)","v":9},{"v":53444,"d":"$53,444"},{"$f":"SUMIF('Employee Data'!$F$3:$F$98,A19,'Employee Data'!$G$3:$G$98)","v":50},5.6]
["IT",{"$f":"SUMIF('Employee Data'!$F$3:$F$98,$A20,'Employee Data'!$C$3:$C$98)","v":{"v":885000,"d":"$885,000"}},{"$f":"SUMIF('Employee Data'!$F$3:$F$98,$A20,'Employee Data'!D$3:D$98)","v":{"v":73480,"d":"$73,480"}},{"$f":"SUMIF('Employee Data'!$F$3:$F$98,$A20,'Employee Data'!E$3:E$98)","v":{"v":13170,"d":"$13,170"}},{"v":971650,"d":"$971,650"},{"$f":"COUNTIF('Employee Data'!$F$3:$F$98,\"=\"&A20)","v":14},{"v":63214,"d":"$63,214"},{"$f":"SUMIF('Employee Data'!$F$3:$F$98,A20,'Employee Data'!$G$3:$G$98)","v":88},6.3]
["Marketing",{"$f":"SUMIF('Employee Data'!$F$3:$F$98,$A21,'Employee Data'!$C$3:$C$98)","v":{"v":594000,"d":"$594,000"}},{"$f":"SUMIF('Employee Data'!$F$3:$F$98,$A21,'Employee Data'!D$3:D$98)","v":{"v":51560,"d":"$51,560"}},{"$f":"SUMIF('Employee Data'!$F$3:$F$98,$A21,'Employee Data'!E$3:E$98)","v":{"v":17720,"d":"$17,720"}},{"v":663280,"d":"$663,280"},{"$f":"COUNTIF('Employee Data'!$F$3:$F$98,\"=\"&A21)","v":11},{"v":54000,"d":"$54,000"},{"$f":"SUMIF('Employee Data'!$F$3:$F$98,A21,'Employee Data'!$G$3:$G$98)","v":54},4.9]
["R&D",{"$f":"SUMIF('Employee Data'!$F$3:$F$98,$A22,'Employee Data'!$C$3:$C$98)","v":{"v":792000,"d":"$792,000"}},{"$f":"SUMIF('Employee Data'!$F$3:$F$98,$A22,'Employee Data'!D$3:D$98)","v":{"v":78950,"d":"$78,950"}},{"$f":"SUMIF('Employee Data'!$F$3:$F$98,$A22,'Employee Data'!E$3:E$98)","v":{"v":27980,"d":"$27,980"}},{"v":898930,"d":"$898,930"},{"$f":"COUNTIF('Employee Data'!$F$3:$F$98,\"=\"&A22)","v":13},{"v":60923,"d":"$60,923"},{"$f":"SUMIF('Employee Data'!$F$3:$F$98,A22,'Employee Data'!$G$3:$G$98)","v":117},9]
["Sales",{"$f":"SUMIF('Employee Data'!$F$3:$F$98,$A23,'Employee Data'!$C$3:$C$98)","v":{"v":632000,"d":"$632,000"}},{"$f":"SUMIF('Employee Data'!$F$3:$F$98,$A23,'Employee Data'!D$3:D$98)","v":{"v":308430,"d":"$308,430"}},{"$f":"SUMIF('Employee Data'!$F$3:$F$98,$A23,'Employee Data'!E$3:E$98)","v":{"v":0,"d":"$0"}},{"v":940430,"d":"$940,430"},{"$f":"COUNTIF('Employee Data'!$F$3:$F$98,\"=\"&A23)","v":11},{"v":57455,"d":"$57,455"},{"$f":"SUMIF('Employee Data'!$F$3:$F$98,A23,'Employee Data'!$G$3:$G$98)","v":59},5.4]

{"sheet":"PSW_Sheet","index":4,"n_rows":11,"n_cols":7,"rows_kept":11,"hidden":true}
["%3c%3fxml+version%3d%221.0%22+encoding%3d%22utf-16%22%3f%3e%0d%0a%3cPageInputCells+xmlns%3axsi%3d%22http%3a%2f%2fwww.w3.org%2f2001%2fXMLSchema-instance%22+xmlns%3axsd%3d%22http%3a%2f%2fwww.w3.org%2f2001%2fXMLSchema%22%3e%0d%0a++%3cInputCells+InputPrefix%3d%22PSWInput_%22+ListPrefix%3d%22PSWList_%22+CellCount%3d%220%22+%2f%3e%0d%0a++%3cInputCells+InputPrefix%3d%22PSWInput_%22+ListPrefix%3d%22PSWList_%22+CellCount%3d%220%22+%2f%3e%0d%0a++%3cInputCells+InputPrefix%3d%22PSWInput_%22+ListPrefix%3d%22PSWList_%22+CellCount%3d%220%22+%2f%3e%0d%0a++%3cInputCells+InputPrefix%3d%22PSWInput_%22+ListPrefix%3d%22PSWList_%22+CellCount%3d%220%22+%2f%3e%0d%0a++%3cInputCells+InputPrefix%3d%22PSWInput_%22+ListPrefix%3d%22PSWList_%22+CellCount%3d%220%22+%2f%3e%0d%0a++%3cInputCells+InputPrefix%3d%22PSWInput_%22+ListPrefix%3d%22PSWList_%22+CellCount%3d%220%22+%2f%3e%0d%0a++%3cInputCells+InputPrefix%3d%22PSWInput_%22+ListPrefix%3d%22PSWList_%22+CellCount%3d%220%22+%2f%3e%0d%0a%3c%2fPageInputCells%3e"]
[{"$cut":{"chars":32761,"head":" %3c%3fxml+version%3d%221.0%22+encoding%3d%22utf-16%22%3f%3e%0d%0a%3cTables+xmlns%3axsi%3d%22http%3a%2f%2fwww.w3.org%2f2001%2fXMLSchema-instance%22+xmlns%3axsd%3d%22http%3a%2f%2fwww.w3.org%2f2001%2fXMLSchema%22+InputPrefix%3d%22PSWInput_%22%3e%0d%0a++%3cTable+Name%3d%22PSWOutput_0%22+ColumnWidths%3d%2248-48-48-48-48-48-48-48-48-48-48-48-48-48-48-48%22+RowCount%3d%2243%22+Width%3d%22768%22+InputPrefix%3d%22PSWInput_%22%3e%0d%0a++++%3cTR%3e%0d%0a++++++%3cTD+Style%3d%22Class45%22+Merge%3d%22True%22+RowSpan%3d%22%22+ColSpan%3d%2216%22+Format%3d%22General%22+Width%3d%22768%22+Text%3d%22HUMAN+RESOURCES%22+Height%3d%2224.75%22+Align%3d%22Center%22+CellHasFormula%3d%22False%22+FontName%3d%22Verdana%22+WrapText%3d%22False%22+FontSize%3d%2214%22+X%3d%221%22+Y%3d%221%22+%2f%3e%0d%0a++++%3c%2fTR%3e%0d%0a++++%3cTR%3e%0d%0a++++++%3cTD+Style%3d%22Class46%22+Merge%3d%22False%22+RowSpan%3d%22%22+ColSpan%3d%22%22+Format%3d%22General%22+Width%3d%2248%22+Text%3d%22%22+Height%3d%2215%22+Align%3d%22Left%22+CellHasFormula%3d%22False%22+FontName%3d%22Calibri%22+WrapText%3d%22False%22+FontSize%3d%2211%22+X%3d%221%22+Y%3d%222%22%3e%0d%0a++++++++%3cChart%3e%0d%0a++++++++++%3cNameIndex%3e0%3c%2fNameIndex%3e%0d%0a++++++++++%3cZOrder%3e1%3c%2fZOrder%3e%0d%0a++++++++++%3cChartType%3exlColumnClustered%3c%2fChartType%3e%0d%0a++++++++++%3cChartHeight%3e186%3c%2fChartHeight%3e%0d%0a++++++++++%3cChartWidth%3e360%3c%2fChartWidth%3e%0d%0a++++++++++%3cPlotHeight%3e140.35%3c%2fPlotHeight%3e%0d%0a++++++++++%3cPlotWidth%3e338%3c%2fPlotWidth%3e%0d%0a++++++++++%3cPlotTop%3e30.65%3c%2fPlotTop%3e%0d%0a++++++++++%3cPlotLeft%3e7%3c%2fPlotLeft%3e%0d%0a++++++++++%3cPlotColor%3e-1%3c%2fPlotColor%3e%0d%0a++++++++++%3cWallColor%3e-1%3c%2fWallColor%3e%0d%0a++++++++++%3cLegendBoxBackColor%3e-1%3c%2fLegendBoxBackColor%3e%0d%0a++++++++++%3cLegendBoxTop+%2f%3e%0d%0a++++++++++%3cLegendBoxLeft+%2f%3e%0d%0a++++++++++%3cXAxisLabelStep%3e1%3c%2fXAxisLabelStep%3e%0d%0a++++++++++%3cXAxisTitle+%2f%3e%0d%0a++++++++++%3cYAxisTitle+%2f%3e%0d%0a++++++++++%3cXAxisHasMajorGrid%3efalse%3c%2fXAxisHasMajorGrid%3e%0d%0a++++++++++%3cYAxisHasMajorGrid%3etrue%3c%2fYAxisHasMajorGrid%3e%0d%0a++++++++++%3cXAxisHasMinorGrid%3efalse%3c%2fXAxisHasMinorGrid%3e%0d%0a++++++++++%3cYAxisHasMinorGrid%3efalse%3c%2fYAxisHasMinorGrid%3e%0d%0a++++++++++%3cTop%3e0.45%3c%2fTop%3e%0d%0a++++++++++%3cLeft%3e0.3125%3c%2fLeft%3e%0d%0a++++++++++%3cTitle%3eNumber+of+Employees+by+Year%3c%2fTitle%3e%0d%0a++++++++++%3cFont+%2f%3e%0d%0a++++++++++%3cChartColor%3e-1%3c%2fChartColor%3e%0d%0a++++++++++%3cSeriesCollection%3e%0d%0a++++++++++++%3cSeries%3e%0d%0a++++++++++++++%3cNameIndex%3e0%3c%2fNameIndex%3e%0d%0a++++++++++++++%3cName%3eSeri+1%3c%2fName%3e%0d%0a++++++++++++++%3cColor%3e-11566659%3c%2fColor%3e%0d%0a++++++++++++++%3cBorderColor%3e-65537%3c%2fBorderColor%3e%0d%0a++++++++++++%3c%2fSeries%3e%0d%0a++++++++++%3c%2fSeriesCollection%3e%0d%0a++++++++++%3cLegendPosition+%2f%3e%0d%0a++++++++++%3cHasLegend%3efalse%3c%2fHasLegend%3e%0d%0a++++++++++%3cAbsoluteTop%3e31.5%3c%2fAbsoluteTop%3e%0d%0a++++++++++%3cAbsoluteLeft%3e15%3c%2fAbsoluteLeft%3e%0d%0a++++++++%3c%2fChart%3e%0d%0a++++++%3c%2fTD%3e%0d%0a++++++%3cTD+Style%3d%22Class46%22+Merge%3d%22False%22+RowSpan%3d%22%22+ColSpan%3d%22%22+Format%3d%22General%22+Width%3d%2248%22+Text%3d%22%22+Height%3d%2215%22+Align%3d%22Left%22+CellHasFormula%3d%22False%22+FontName%3d%22Calibri%22+WrapText%3d%22False%22+FontSize%3d%2211%22+X%3d%222%22+Y%3d%222%22+%2f%3e%0d%0a++++++%3cTD+Style%3d%22Class46%22+Merge%3d%22False%22+RowSpan%3d%22%22+ColSpan%3d%22%22+Format%3d%22General%22+Width%3d%2248%22+Text%3d%22%22+Height%3d%2215%22+Align%3d%22Left%22+CellHasFormula%3d%22False%22+FontName%3d%22Calibri%22+WrapText%3d%22False%22+FontSize%3d%2211%22+X%3d%223%22+Y%3d%222%22+%2f%3e%0d%0a++++++%3cTD+Style%3d%22Class46%22+Merge%3d%22False%22+RowSpan%3d%22%22+ColSpan%3d%22%22+Format%3d%22General%22+Width%3d%2248%22+Text%3d%22%22+Height%3d%2215%22+Align%3d%22Left%22+CellHasFormula%3d%22False%22+FontName%3d%22Calibri%22+WrapText%3d%22False%22+FontSize%3d%2211%22+X%3d%224%22+Y%3d%222%22+%2f%3e%0d%0a++++++%3cTD+"}},{"$cut":{"chars":32761,"head":" d%22Calibri%22+WrapText%3d%22False%22+FontSize%3d%2211%22+X%3d%229%22+Y%3d%227%22+%2f%3e%0d%0a++++++%3cTD+Style%3d%22Class46%22+Merge%3d%22False%22+RowSpan%3d%22%22+ColSpan%3d%22%22+Format%3d%22General%22+Width%3d%2248%22+Text%3d%22%22+Height%3d%2215%22+Align%3d%22Left%22+CellHasFormula%3d%22False%22+FontName%3d%22Calibri%22+WrapText%3d%22False%22+FontSize%3d%2211%22+X%3d%2210%22+Y%3d%227%22+%2f%3e%0d%0a++++++%3cTD+Style%3d%22Class46%22+Merge%3d%22False%22+RowSpan%3d%22%22+ColSpan%3d%22%22+Format%3d%22General%22+Width%3d%2248%22+Text%3d%22%22+Height%3d%2215%22+Align%3d%22Left%22+CellHasFormula%3d%22False%22+FontName%3d%22Calibri%22+WrapText%3d%22False%22+FontSize%3d%2211%22+X%3d%2211%22+Y%3d%227%22+%2f%3e%0d%0a++++++%3cTD+Style%3d%22Class46%22+Merge%3d%22False%22+RowSpan%3d%22%22+ColSpan%3d%22%22+Format%3d%22General%22+Width%3d%2248%22+Text%3d%22%22+Height%3d%2215%22+Align%3d%22Left%22+CellHasFormula%3d%22False%22+FontName%3d%22Calibri%22+WrapText%3d%22False%22+FontSize%3d%2211%22+X%3d%2212%22+Y%3d%227%22+%2f%3e%0d%0a++++++%3cTD+Style%3d%22Class46%22+Merge%3d%22False%22+RowSpan%3d%22%22+ColSpan%3d%22%22+Format%3d%22General%22+Width%3d%2248%22+Text%3d%22%22+Height%3d%2215%22+Align%3d%22Left%22+CellHasFormula%3d%22False%22+FontName%3d%22Calibri%22+WrapText%3d%22False%22+FontSize%3d%2211%22+X%3d%2213%22+Y%3d%227%22+%2f%3e%0d%0a++++++%3cTD+Style%3d%22Class46%22+Merge%3d%22False%22+RowSpan%3d%22%22+ColSpan%3d%22%22+Format%3d%22General%22+Width%3d%2248%22+Text%3d%22%22+Height%3d%2215%22+Align%3d%22Left%22+CellHasFormula%3d%22False%22+FontName%3d%22Calibri%22+WrapText%3d%22False%22+FontSize%3d%2211%22+X%3d%2214%22+Y%3d%227%22+%2f%3e%0d%0a++++++%3cTD+Style%3d%22Class46%22+Merge%3d%22False%22+RowSpan%3d%22%22+ColSpan%3d%22%22+Format%3d%22General%22+Width%3d%2248%22+Text%3d%22%22+Height%3d%2215%22+Align%3d%22Left%22+CellHasFormula%3d%22False%22+FontName%3d%22Calibri%22+WrapText%3d%22False%22+FontSize%3d%2211%22+X%3d%2215%22+Y%3d%227%22+%2f%3e%0d%0a++++++%3cTD+Style%3d%22Class46%22+Merge%3d%22False%22+RowSpan%3d%22%22+ColSpan%3d%22%22+Format%3d%22General%22+Width%3d%2248%22+Text%3d%22%22+Height%3d%2215%22+Align%3d%22Left%22+CellHasFormula%3d%22False%22+FontName%3d%22Calibri%22+WrapText%3d%22False%22+FontSize%3d%2211%22+X%3d%2216%22+Y%3d%227%22+%2f%3e%0d%0a++++%3c%2fTR%3e%0d%0a++++%3cTR%3e%0d%0a++++++%3cTD+Style%3d%22Class46%22+Merge%3d%22False%22+RowSpan%3d%22%22+ColSpan%3d%22%22+Format%3d%22General%22+Width%3d%2248%22+Text%3d%22%22+Height%3d%2215%22+Align%3d%22Left%22+CellHasFormula%3d%22False%22+FontName%3d%22Calibri%22+WrapText%3d%22False%22+FontSize%3d%2211%22+X%3d%221%22+Y%3d%228%22+%2f%3e%0d%0a++++++%3cTD+Style%3d%22Class46%22+Merge%3d%22False%22+RowSpan%3d%22%22+ColSpan%3d%22%22+Format%3d%22General%22+Width%3d%2248%22+Text%3d%22%22+Height%3d%2215%22+Align%3d%22Left%22+CellHasFormula%3d%22False%22+FontName%3d%22Calibri%22+WrapText%3d%22False%22+FontSize%3d%2211%22+X%3d%222%22+Y%3d%228%22+%2f%3e%0d%0a++++++%3cTD+Style%3d%22Class46%22+Merge%3d%22False%22+RowSpan%3d%22%22+ColSpan%3d%22%22+Format%3d%22General%22+Width%3d%2248%22+Text%3d%22%22+Height%3d%2215%22+Align%3d%22Left%22+CellHasFormula%3d%22False%22+FontName%3d%22Calibri%22+WrapText%3d%22False%22+FontSize%3d%2211%22+X%3d%223%22+Y%3d%228%22+%2f%3e%0d%0a++++++%3cTD+Style%3d%22Class46%22+Merge%3d%22False%22+RowSpan%3d%22%22+ColSpan%3d%22%22+Format%3d%22General%22+Width%3d%2248%22+Text%3d%22%22+Height%3d%2215%22+Align%3d%22Left%22+CellHasFormula%3d%22False%22+FontName%3d%22Calibri%22+WrapText%3d%22False%22+FontSize%3d%2211%22+X%3d%224%22+Y%3d%228%22+%2f%3e%0d%0a++++++%3cTD+Style%3d%22Class46%22+Merge%3d%22False%22+RowSpan%3d%22%22+ColSpan%3d%22%22+Format%3d%22General%22+Width%3d%2248%22+Text%3d%22%22+Height%3d%2215%22+Align%3d%22Left%22+CellHasFormula%3d%22False%22+FontName%3d%22Calibri%22+WrapText%3d%22False%22+FontSize%3d%2211%22+X%3d%225%22+Y%3d%228%22+%2f%3e%0d%0a++++++%3cTD+Style%3d%22Class46%22+Merge%3d%22False%22+RowSpan%3d%22%22+ColSpan%3d%22%22+Format%3d%22General%22+Width%3d%2248%22+Text%3d%22%22+Height%3d%2215%22+Align%3d%22Left%22+CellHasFormula%3d%22False%22+Fon"}},{"$cut":{"chars":32761,"head":" ight%3d%2215%22+Align%3d%22Left%22+CellHasFormula%3d%22False%22+FontName%3d%22Calibri%22+WrapText%3d%22False%22+FontSize%3d%2211%22+X%3d%221%22+Y%3d%2214%22+%2f%3e%0d%0a++++++%3cTD+Style%3d%22Class46%22+Merge%3d%22False%22+RowSpan%3d%22%22+ColSpan%3d%22%22+Format%3d%22General%22+Width%3d%2248%22+Text%3d%22%22+Height%3d%2215%22+Align%3d%22Left%22+CellHasFormula%3d%22False%22+FontName%3d%22Calibri%22+WrapText%3d%22False%22+FontSize%3d%2211%22+X%3d%222%22+Y%3d%2214%22+%2f%3e%0d%0a++++++%3cTD+Style%3d%22Class46%22+Merge%3d%22False%22+RowSpan%3d%22%22+ColSpan%3d%22%22+Format%3d%22General%22+Width%3d%2248%22+Text%3d%22%22+Height%3d%2215%22+Align%3d%22Left%22+CellHasFormula%3d%22False%22+FontName%3d%22Calibri%22+WrapText%3d%22False%22+FontSize%3d%2211%22+X%3d%223%22+Y%3d%2214%22+%2f%3e%0d%0a++++++%3cTD+Style%3d%22Class46%22+Merge%3d%22False%22+RowSpan%3d%22%22+ColSpan%3d%22%22+Format%3d%22General%22+Width%3d%2248%22+Text%3d%22%22+Height%3d%2215%22+Align%3d%22Left%22+CellHasFormula%3d%22False%22+FontName%3d%22Calibri%22+WrapText%3d%22False%22+FontSize%3d%2211%22+X%3d%224%22+Y%3d%2214%22+%2f%3e%0d%0a++++++%3cTD+Style%3d%22Class46%22+Merge%3d%22False%22+RowSpan%3d%22%22+ColSpan%3d%22%22+Format%3d%22General%22+Width%3d%2248%22+Text%3d%22%22+Height%3d%2215%22+Align%3d%22Left%22+CellHasFormula%3d%22False%22+FontName%3d%22Calibri%22+WrapText%3d%22False%22+FontSize%3d%2211%22+X%3d%225%22+Y%3d%2214%22+%2f%3e%0d%0a++++++%3cTD+Style%3d%22Class46%22+Merge%3d%22False%22+RowSpan%3d%22%22+ColSpan%3d%22%22+Format%3d%22General%22+Width%3d%2248%22+Text%3d%22%22+Height%3d%2215%22+Align%3d%22Left%22+CellHasFormula%3d%22False%22+FontName%3d%22Calibri%22+WrapText%3d%22False%22+FontSize%3d%2211%22+X%3d%226%22+Y%3d%2214%22+%2f%3e%0d%0a++++++%3cTD+Style%3d%22Class46%22+Merge%3d%22False%22+RowSpan%3d%22%22+ColSpan%3d%22%22+Format%3d%22General%22+Width%3d%2248%22+Text%3d%22%22+Height%3d%2215%22+Align%3d%22Left%22+CellHasFormula%3d%22False%22+FontName%3d%22Calibri%22+WrapText%3d%22False%22+FontSize%3d%2211%22+X%3d%227%22+Y%3d%2214%22+%2f%3e%0d%0a++++++%3cTD+Style%3d%22Class46%22+Merge%3d%22False%22+RowSpan%3d%22%22+ColSpan%3d%22%22+Format%3d%22General%22+Width%3d%2248%22+Text%3d%22%22+Height%3d%2215%22+Align%3d%22Left%22+CellHasFormula%3d%22False%22+FontName%3d%22Calibri%22+WrapText%3d%22False%22+FontSize%3d%2211%22+X%3d%228%22+Y%3d%2214%22+%2f%3e%0d%0a++++++%3cTD+Style%3d%22Class46%22+Merge%3d%22False%22+RowSpan%3d%22%22+ColSpan%3d%22%22+Format%3d%22General%22+Width%3d%2248%22+Text%3d%22%22+Height%3d%2215%22+Align%3d%22Left%22+CellHasFormula%3d%22False%22+FontName%3d%22Calibri%22+WrapText%3d%22False%22+FontSize%3d%2211%22+X%3d%229%22+Y%3d%2214%22+%2f%3e%0d%0a++++++%3cTD+Style%3d%22Class46%22+Merge%3d%22False%22+RowSpan%3d%22%22+ColSpan%3d%22%22+Format%3d%22General%22+Width%3d%2248%22+Text%3d%22%22+Height%3d%2215%22+Align%3d%22Left%22+CellHasFormula%3d%22False%22+FontName%3d%22Calibri%22+WrapText%3d%22False%22+FontSize%3d%2211%22+X%3d%2210%22+Y%3d%2214%22+%2f%3e%0d%0a++++++%3cTD+Style%3d%22Class46%22+Merge%3d%22False%22+RowSpan%3d%22%22+ColSpan%3d%22%22+Format%3d%22General%22+Width%3d%2248%22+Text%3d%22%22+Height%3d%2215%22+Align%3d%22Left%22+CellHasFormula%3d%22False%22+FontName%3d%22Calibri%22+WrapText%3d%22False%22+FontSize%3d%2211%22+X%3d%2211%22+Y%3d%2214%22+%2f%3e%0d%0a++++++%3cTD+Style%3d%22Class46%22+Merge%3d%22False%22+RowSpan%3d%22%22+ColSpan%3d%22%22+Format%3d%22General%22+Width%3d%2248%22+Text%3d%22%22+Height%3d%2215%22+Align%3d%22Left%22+CellHasFormula%3d%22False%22+FontName%3d%22Calibri%22+WrapText%3d%22False%22+FontSize%3d%2211%22+X%3d%2212%22+Y%3d%2214%22+%2f%3e%0d%0a++++++%3cTD+Style%3d%22Class46%22+Merge%3d%22False%22+RowSpan%3d%22%22+ColSpan%3d%22%22+Format%3d%22General%22+Width%3d%2248%22+Text%3d%22%22+Height%3d%2215%22+Align%3d%22Left%22+CellHasFormula%3d%22False%22+FontName%3d%22Calibri%22+WrapText%3d%22False%22+FontSize%3d%2211%22+X%3d%2213%22+Y%3d%2214%22+%2f%3e%0d%0a++++++%3cTD+Style%3d%22Class46%22+Merge%3d%22False%22+RowSpan%3d%22%22+ColSpan%3d%22%22+Format%3d%22General%22+Width%3d%2248%22+Text%3d%22%22+Height%3d%2215%22+Align%"}},{"$cut":{"chars":32761,"head":" eral%22+Width%3d%2248%22+Text%3d%22%22+Height%3d%2215%22+Align%3d%22Left%22+CellHasFormula%3d%22False%22+FontName%3d%22Calibri%22+WrapText%3d%22False%22+FontSize%3d%2211%22+X%3d%2210%22+Y%3d%2219%22+%2f%3e%0d%0a++++++%3cTD+Style%3d%22Class46%22+Merge%3d%22False%22+RowSpan%3d%22%22+ColSpan%3d%22%22+Format%3d%22General%22+Width%3d%2248%22+Text%3d%22%22+Height%3d%2215%22+Align%3d%22Left%22+CellHasFormula%3d%22False%22+FontName%3d%22Calibri%22+WrapText%3d%22False%22+FontSize%3d%2211%22+X%3d%2211%22+Y%3d%2219%22+%2f%3e%0d%0a++++++%3cTD+Style%3d%22Class46%22+Merge%3d%22False%22+RowSpan%3d%22%22+ColSpan%3d%22%22+Format%3d%22General%22+Width%3d%2248%22+Text%3d%22%22+Height%3d%2215%22+Align%3d%22Left%22+CellHasFormula%3d%22False%22+FontName%3d%22Calibri%22+WrapText%3d%22False%22+FontSize%3d%2211%22+X%3d%2212%22+Y%3d%2219%22+%2f%3e%0d%0a++++++%3cTD+Style%3d%22Class46%22+Merge%3d%22False%22+RowSpan%3d%22%22+ColSpan%3d%22%22+Format%3d%22General%22+Width%3d%2248%22+Text%3d%22%22+Height%3d%2215%22+Align%3d%22Left%22+CellHasFormula%3d%22False%22+FontName%3d%22Calibri%22+WrapText%3d%22False%22+FontSize%3d%2211%22+X%3d%2213%22+Y%3d%2219%22+%2f%3e%0d%0a++++++%3cTD+Style%3d%22Class46%22+Merge%3d%22False%22+RowSpan%3d%22%22+ColSpan%3d%22%22+Format%3d%22General%22+Width%3d%2248%22+Text%3d%22%22+Height%3d%2215%22+Align%3d%22Left%22+CellHasFormula%3d%22False%22+FontName%3d%22Calibri%22+WrapText%3d%22False%22+FontSize%3d%2211%22+X%3d%2214%22+Y%3d%2219%22+%2f%3e%0d%0a++++++%3cTD+Style%3d%22Class46%22+Merge%3d%22False%22+RowSpan%3d%22%22+ColSpan%3d%22%22+Format%3d%22General%22+Width%3d%2248%22+Text%3d%22%22+Height%3d%2215%22+Align%3d%22Left%22+CellHasFormula%3d%22False%22+FontName%3d%22Calibri%22+WrapText%3d%22False%22+FontSize%3d%2211%22+X%3d%2215%22+Y%3d%2219%22+%2f%3e%0d%0a++++++%3cTD+Style%3d%22Class46%22+Merge%3d%22False%22+RowSpan%3d%22%22+ColSpan%3d%22%22+Format%3d%22General%22+Width%3d%2248%22+Text%3d%22%22+Height%3d%2215%22+Align%3d%22Left%22+CellHasFormula%3d%22False%22+FontName%3d%22Calibri%22+WrapText%3d%22False%22+FontSize%3d%2211%22+X%3d%2216%22+Y%3d%2219%22+%2f%3e%0d%0a++++%3c%2fTR%3e%0d%0a++++%3cTR%3e%0d%0a++++++%3cTD+Style%3d%22Class46%22+Merge%3d%22False%22+RowSpan%3d%22%22+ColSpan%3d%22%22+Format%3d%22General%22+Width%3d%2248%22+Text%3d%22%22+Height%3d%2215%22+Align%3d%22Left%22+CellHasFormula%3d%22False%22+FontName%3d%22Calibri%22+WrapText%3d%22False%22+FontSize%3d%2211%22+X%3d%221%22+Y%3d%2220%22+%2f%3e%0d%0a++++++%3cTD+Style%3d%22Class46%22+Merge%3d%22False%22+RowSpan%3d%22%22+ColSpan%3d%22%22+Format%3d%22General%22+Width%3d%2248%22+Text%3d%22%22+Height%3d%2215%22+Align%3d%22Left%22+CellHasFormula%3d%22False%22+FontName%3d%22Calibri%22+WrapText%3d%22False%22+FontSize%3d%2211%22+X%3d%222%22+Y%3d%2220%22+%2f%3e%0d%0a++++++%3cTD+Style%3d%22Class46%22+Merge%3d%22False%22+RowSpan%3d%22%22+ColSpan%3d%22%22+Format%3d%22General%22+Width%3d%2248%22+Text%3d%22%22+Height%3d%2215%22+Align%3d%22Left%22+CellHasFormula%3d%22False%22+FontName%3d%22Calibri%22+WrapText%3d%22False%22+FontSize%3d%2211%22+X%3d%223%22+Y%3d%2220%22+%2f%3e%0d%0a++++++%3cTD+Style%3d%22Class46%22+Merge%3d%22False%22+RowSpan%3d%22%22+ColSpan%3d%22%22+Format%3d%22General%22+Width%3d%2248%22+Text%3d%22%22+Height%3d%2215%22+Align%3d%22Left%22+CellHasFormula%3d%22False%22+FontName%3d%22Calibri%22+WrapText%3d%22False%22+FontSize%3d%2211%22+X%3d%224%22+Y%3d%2220%22+%2f%3e%0d%0a++++++%3cTD+Style%3d%22Class46%22+Merge%3d%22False%22+RowSpan%3d%22%22+ColSpan%3d%22%22+Format%3d%22General%22+Width%3d%2248%22+Text%3d%22%22+Height%3d%2215%22+Align%3d%22Left%22+CellHasFormula%3d%22False%22+FontName%3d%22Calibri%22+WrapText%3d%22False%22+FontSize%3d%2211%22+X%3d%225%22+Y%3d%2220%22+%2f%3e%0d%0a++++++%3cTD+Style%3d%22Class46%22+Merge%3d%22False%22+RowSpan%3d%22%22+ColSpan%3d%22%22+Format%3d%22General%22+Width%3d%2248%22+Text%3d%22%22+Height%3d%2215%22+Align%3d%22Left%22+CellHasFormula%3d%22False%22+FontName%3d%22Calibri%22+WrapText%3d%22False%22+FontSize%3d%2211%22+X%3d%226%22+Y%3d%2220%22+%2f%3e%0d%0a++++++%3cTD+Style%3d%22Class46%22+Merge%3d%22False%22+RowSpan%3d%22%22+ColSpan%3d%2"}},{"$cut":{"chars":32761,"head":" 2f%3e%0d%0a++++++%3cTD+Style%3d%22Class46%22+Merge%3d%22False%22+RowSpan%3d%22%22+ColSpan%3d%22%22+Format%3d%22General%22+Width%3d%2248%22+Text%3d%22%22+Height%3d%2215%22+Align%3d%22Left%22+CellHasFormula%3d%22False%22+FontName%3d%22Calibri%22+WrapText%3d%22False%22+FontSize%3d%2211%22+X%3d%222%22+Y%3d%2226%22+%2f%3e%0d%0a++++++%3cTD+Style%3d%22Class46%22+Merge%3d%22False%22+RowSpan%3d%22%22+ColSpan%3d%22%22+Format%3d%22General%22+Width%3d%2248%22+Text%3d%22%22+Height%3d%2215%22+Align%3d%22Left%22+CellHasFormula%3d%22False%22+FontName%3d%22Calibri%22+WrapText%3d%22False%22+FontSize%3d%2211%22+X%3d%223%22+Y%3d%2226%22+%2f%3e%0d%0a++++++%3cTD+Style%3d%22Class46%22+Merge%3d%22False%22+RowSpan%3d%22%22+ColSpan%3d%22%22+Format%3d%22General%22+Width%3d%2248%22+Text%3d%22%22+Height%3d%2215%22+Align%3d%22Left%22+CellHasFormula%3d%22False%22+FontName%3d%22Calibri%22+WrapText%3d%22False%22+FontSize%3d%2211%22+X%3d%224%22+Y%3d%2226%22+%2f%3e%0d%0a++++++%3cTD+Style%3d%22Class46%22+Merge%3d%22False%22+RowSpan%3d%22%22+ColSpan%3d%22%22+Format%3d%22General%22+Width%3d%2248%22+Text%3d%22%22+Height%3d%2215%22+Align%3d%22Left%22+CellHasFormula%3d%22False%22+FontName%3d%22Calibri%22+WrapText%3d%22False%22+FontSize%3d%2211%22+X%3d%225%22+Y%3d%2226%22+%2f%3e%0d%0a++++++%3cTD+Style%3d%22Class46%22+Merge%3d%22False%22+RowSpan%3d%22%22+ColSpan%3d%22%22+Format%3d%22General%22+Width%3d%2248%22+Text%3d%22%22+Height%3d%2215%22+Align%3d%22Left%22+CellHasFormula%3d%22False%22+FontName%3d%22Calibri%22+WrapText%3d%22False%22+FontSize%3d%2211%22+X%3d%226%22+Y%3d%2226%22+%2f%3e%0d%0a++++++%3cTD+Style%3d%22Class46%22+Merge%3d%22False%22+RowSpan%3d%22%22+ColSpan%3d%22%22+Format%3d%22General%22+Width%3d%2248%22+Text%3d%22%22+Height%3d%2215%22+Align%3d%22Left%22+CellHasFormula%3d%22False%22+FontName%3d%22Calibri%22+WrapText%3d%22False%22+FontSize%3d%2211%22+X%3d%227%22+Y%3d%2226%22+%2f%3e%0d%0a++++++%3cTD+Style%3d%22Class46%22+Merge%3d%22False%22+RowSpan%3d%22%22+ColSpan%3d%22%22+Format%3d%22General%22+Width%3d%2248%22+Text%3d%22%22+Height%3d%2215%22+Align%3d%22Left%22+CellHasFormula%3d%22False%22+FontName%3d%22Calibri%22+WrapText%3d%22False%22+FontSize%3d%2211%22+X%3d%228%22+Y%3d%2226%22+%2f%3e%0d%0a++++++%3cTD+Style%3d%22Class46%22+Merge%3d%22False%22+RowSpan%3d%22%22+ColSpan%3d%22%22+Format%3d%22General%22+Width%3d%2248%22+Text%3d%22%22+Height%3d%2215%22+Align%3d%22Left%22+CellHasFormula%3d%22False%22+FontName%3d%22Calibri%22+WrapText%3d%22False%22+FontSize%3d%2211%22+X%3d%229%22+Y%3d%2226%22+%2f%3e%0d%0a++++++%3cTD+Style%3d%22Class46%22+Merge%3d%22False%22+RowSpan%3d%22%22+ColSpan%3d%22%22+Format%3d%22General%22+Width%3d%2248%22+Text%3d%22%22+Height%3d%2215%22+Align%3d%22Left%22+CellHasFormula%3d%22False%22+FontName%3d%22Calibri%22+WrapText%3d%22False%22+FontSize%3d%2211%22+X%3d%2210%22+Y%3d%2226%22+%2f%3e%0d%0a++++++%3cTD+Style%3d%22Class46%22+Merge%3d%22False%22+RowSpan%3d%22%22+ColSpan%3d%22%22+Format%3d%22General%22+Width%3d%2248%22+Text%3d%22%22+Height%3d%2215%22+Align%3d%22Left%22+CellHasFormula%3d%22False%22+FontName%3d%22Calibri%22+WrapText%3d%22False%22+FontSize%3d%2211%22+X%3d%2211%22+Y%3d%2226%22+%2f%3e%0d%0a++++++%3cTD+Style%3d%22Class46%22+Merge%3d%22False%22+RowSpan%3d%22%22+ColSpan%3d%22%22+Format%3d%22General%22+Width%3d%2248%22+Text%3d%22%22+Height%3d%2215%22+Align%3d%22Left%22+CellHasFormula%3d%22False%22+FontName%3d%22Calibri%22+WrapText%3d%22False%22+FontSize%3d%2211%22+X%3d%2212%22+Y%3d%2226%22+%2f%3e%0d%0a++++++%3cTD+Style%3d%22Class46%22+Merge%3d%22False%22+RowSpan%3d%22%22+ColSpan%3d%22%22+Format%3d%22General%22+Width%3d%2248%22+Text%3d%22%22+Height%3d%2215%22+Align%3d%22Left%22+CellHasFormula%3d%22False%22+FontName%3d%22Calibri%22+WrapText%3d%22False%22+FontSize%3d%2211%22+X%3d%2213%22+Y%3d%2226%22+%2f%3e%0d%0a++++++%3cTD+Style%3d%22Class46%22+Merge%3d%22False%22+RowSpan%3d%22%22+ColSpan%3d%22%22+Format%3d%22General%22+Width%3d%2248%22+Text%3d%22%22+Height%3d%2215%22+Align%3d%22Left%22+CellHasFormula%3d%22False%22+FontName%3d%22Calibri%22+WrapText%3d%22False%22+FontSize%3d%2211%22+X%3d%2214%22+Y%3d%2226%22+%2f%3e%0d%0a++++++%3cT"}},{"$cut":{"chars":32761,"head":" %22+X%3d%221%22+Y%3d%2232%22+%2f%3e%0d%0a++++++%3cTD+Style%3d%22Class46%22+Merge%3d%22False%22+RowSpan%3d%22%22+ColSpan%3d%22%22+Format%3d%22General%22+Width%3d%2248%22+Text%3d%22%22+Height%3d%2215%22+Align%3d%22Left%22+CellHasFormula%3d%22False%22+FontName%3d%22Calibri%22+WrapText%3d%22False%22+FontSize%3d%2211%22+X%3d%222%22+Y%3d%2232%22+%2f%3e%0d%0a++++++%3cTD+Style%3d%22Class46%22+Merge%3d%22False%22+RowSpan%3d%22%22+ColSpan%3d%22%22+Format%3d%22General%22+Width%3d%2248%22+Text%3d%22%22+Height%3d%2215%22+Align%3d%22Left%22+CellHasFormula%3d%22False%22+FontName%3d%22Calibri%22+WrapText%3d%22False%22+FontSize%3d%2211%22+X%3d%223%22+Y%3d%2232%22+%2f%3e%0d%0a++++++%3cTD+Style%3d%22Class46%22+Merge%3d%22False%22+RowSpan%3d%22%22+ColSpan%3d%22%22+Format%3d%22General%22+Width%3d%2248%22+Text%3d%22%22+Height%3d%2215%22+Align%3d%22Left%22+CellHasFormula%3d%22False%22+FontName%3d%22Calibri%22+WrapText%3d%22False%22+FontSize%3d%2211%22+X%3d%224%22+Y%3d%2232%22+%2f%3e%0d%0a++++++%3cTD+Style%3d%22Class46%22+Merge%3d%22False%22+RowSpan%3d%22%22+ColSpan%3d%22%22+Format%3d%22General%22+Width%3d%2248%22+Text%3d%22%22+Height%3d%2215%22+Align%3d%22Left%22+CellHasFormula%3d%22False%22+FontName%3d%22Calibri%22+WrapText%3d%22False%22+FontSize%3d%2211%22+X%3d%225%22+Y%3d%2232%22+%2f%3e%0d%0a++++++%3cTD+Style%3d%22Class46%22+Merge%3d%22False%22+RowSpan%3d%22%22+ColSpan%3d%22%22+Format%3d%22General%22+Width%3d%2248%22+Text%3d%22%22+Height%3d%2215%22+Align%3d%22Left%22+CellHasFormula%3d%22False%22+FontName%3d%22Calibri%22+WrapText%3d%22False%22+FontSize%3d%2211%22+X%3d%226%22+Y%3d%2232%22+%2f%3e%0d%0a++++++%3cTD+Style%3d%22Class46%22+Merge%3d%22False%22+RowSpan%3d%22%22+ColSpan%3d%22%22+Format%3d%22General%22+Width%3d%2248%22+Text%3d%22%22+Height%3d%2215%22+Align%3d%22Left%22+CellHasFormula%3d%22False%22+FontName%3d%22Calibri%22+WrapText%3d%22False%22+FontSize%3d%2211%22+X%3d%227%22+Y%3d%2232%22+%2f%3e%0d%0a++++++%3cTD+Style%3d%22Class46%22+Merge%3d%22False%22+RowSpan%3d%22%22+ColSpan%3d%22%22+Format%3d%22General%22+Width%3d%2248%22+Text%3d%22%22+Height%3d%2215%22+Align%3d%22Left%22+CellHasFormula%3d%22False%22+FontName%3d%22Calibri%22+WrapText%3d%22False%22+FontSize%3d%2211%22+X%3d%228%22+Y%3d%2232%22+%2f%3e%0d%0a++++++%3cTD+Style%3d%22Class46%22+Merge%3d%22False%22+RowSpan%3d%22%22+ColSpan%3d%22%22+Format%3d%22General%22+Width%3d%2248%22+Text%3d%22%22+Height%3d%2215%22+Align%3d%22Left%22+CellHasFormula%3d%22False%22+FontName%3d%22Calibri%22+WrapText%3d%22False%22+FontSize%3d%2211%22+X%3d%229%22+Y%3d%2232%22+%2f%3e%0d%0a++++++%3cTD+Style%3d%22Class46%22+Merge%3d%22False%22+RowSpan%3d%22%22+ColSpan%3d%22%22+Format%3d%22General%22+Width%3d%2248%22+Text%3d%22%22+Height%3d%2215%22+Align%3d%22Left%22+CellHasFormula%3d%22False%22+FontName%3d%22Calibri%22+WrapText%3d%22False%22+FontSize%3d%2211%22+X%3d%2210%22+Y%3d%2232%22+%2f%3e%0d%0a++++++%3cTD+Style%3d%22Class46%22+Merge%3d%22False%22+RowSpan%3d%22%22+ColSpan%3d%22%22+Format%3d%22General%22+Width%3d%2248%22+Text%3d%22%22+Height%3d%2215%22+Align%3d%22Left%22+CellHasFormula%3d%22False%22+FontName%3d%22Calibri%22+WrapText%3d%22False%22+FontSize%3d%2211%22+X%3d%2211%22+Y%3d%2232%22+%2f%3e%0d%0a++++++%3cTD+Style%3d%22Class47%22+Merge%3d%22False%22+RowSpan%3d%22%22+ColSpan%3d%22%22+Format%3d%22General%22+Width%3d%2248%22+Text%3d%22%22+Height%3d%2215%22+Align%3d%22Left%22+CellHasFormula%3d%22False%22+FontName%3d%22Calibri%22+WrapText%3d%22False%22+FontSize%3d%2211%22+X%3d%2212%22+Y%3d%2232%22+%2f%3e%0d%0a++++++%3cTD+Style%3d%22Class46%22+Merge%3d%22False%22+RowSpan%3d%22%22+ColSpan%3d%22%22+Format%3d%22General%22+Width%3d%2248%22+Text%3d%22%22+Height%3d%2215%22+Align%3d%22Left%22+CellHasFormula%3d%22False%22+FontName%3d%22Calibri%22+WrapText%3d%22False%22+FontSize%3d%2211%22+X%3d%2213%22+Y%3d%2232%22+%2f%3e%0d%0a++++++%3cTD+Style%3d%22Class46%22+Merge%3d%22False%22+RowSpan%3d%22%22+ColSpan%3d%22%22+Format%3d%22General%22+Width%3d%2248%22+Text%3d%22%22+Height%3d%2215%22+Align%3d%22Left%22+CellHasFormula%3d%22False%22+FontName%3d%22Calibri%22+WrapText%3d%22False%22+FontSize%3d%2211%22+X%3d%2214%22+Y%3d%"}},{"$cut":{"chars":20293,"head":" 2%22+ColSpan%3d%22%22+Format%3d%22General%22+Width%3d%2248%22+Text%3d%22%22+Height%3d%2215%22+Align%3d%22Left%22+CellHasFormula%3d%22False%22+FontName%3d%22Calibri%22+WrapText%3d%22False%22+FontSize%3d%2211%22+X%3d%225%22+Y%3d%2239%22+%2f%3e%0d%0a++++++%3cTD+Style%3d%22Class46%22+Merge%3d%22False%22+RowSpan%3d%22%22+ColSpan%3d%22%22+Format%3d%22General%22+Width%3d%2248%22+Text%3d%22%22+Height%3d%2215%22+Align%3d%22Left%22+CellHasFormula%3d%22False%22+FontName%3d%22Calibri%22+WrapText%3d%22False%22+FontSize%3d%2211%22+X%3d%226%22+Y%3d%2239%22+%2f%3e%0d%0a++++++%3cTD+Style%3d%22Class46%22+Merge%3d%22False%22+RowSpan%3d%22%22+ColSpan%3d%22%22+Format%3d%22General%22+Width%3d%2248%22+Text%3d%22%22+Height%3d%2215%22+Align%3d%22Left%22+CellHasFormula%3d%22False%22+FontName%3d%22Calibri%22+WrapText%3d%22False%22+FontSize%3d%2211%22+X%3d%227%22+Y%3d%2239%22+%2f%3e%0d%0a++++++%3cTD+Style%3d%22Class46%22+Merge%3d%22False%22+RowSpan%3d%22%22+ColSpan%3d%22%22+Format%3d%22General%22+Width%3d%2248%22+Text%3d%22%22+Height%3d%2215%22+Align%3d%22Left%22+CellHasFormula%3d%22False%22+FontName%3d%22Calibri%22+WrapText%3d%22False%22+FontSize%3d%2211%22+X%3d%228%22+Y%3d%2239%22+%2f%3e%0d%0a++++++%3cTD+Style%3d%22Class46%22+Merge%3d%22False%22+RowSpan%3d%22%22+ColSpan%3d%22%22+Format%3d%22General%22+Width%3d%2248%22+Text%3d%22%22+Height%3d%2215%22+Align%3d%22Left%22+CellHasFormula%3d%22False%22+FontName%3d%22Calibri%22+WrapText%3d%22False%22+FontSize%3d%2211%22+X%3d%229%22+Y%3d%2239%22+%2f%3e%0d%0a++++++%3cTD+Style%3d%22Class46%22+Merge%3d%22False%22+RowSpan%3d%22%22+ColSpan%3d%22%22+Format%3d%22General%22+Width%3d%2248%22+Text%3d%22%22+Height%3d%2215%22+Align%3d%22Left%22+CellHasFormula%3d%22False%22+FontName%3d%22Calibri%22+WrapText%3d%22False%22+FontSize%3d%2211%22+X%3d%2210%22+Y%3d%2239%22+%2f%3e%0d%0a++++++%3cTD+Style%3d%22Class50%22+Merge%3d%22True%22+RowSpan%3d%22%22+ColSpan%3d%222%22+Format%3d%22General%22+Width%3d%2296%22+Text%3d%22Bonus%22+Height%3d%2215%22+Align%3d%22Left%22+CellHasFormula%3d%22False%22+FontName%3d%22Calibri%22+WrapText%3d%22False%22+FontSize%3d%2211%22+X%3d%2211%22+Y%3d%2239%22+%2f%3e%0d%0a++++++%3cTD+Style%3d%22Class51%22+Merge%3d%22True%22+RowSpan%3d%22%22+ColSpan%3d%223%22+Format%3d%22%26quot%3b%24%26quot%3b%23%2c%23%230%22+Width%3d%22144%22+Text%3d%22%22+Height%3d%2215%22+Align%3d%22Right%22+CellHasFormula%3d%22True%22+FontName%3d%22Calibri%22+WrapText%3d%22False%22+FontSize%3d%2211%22+X%3d%2213%22+Y%3d%2239%22+%2f%3e%0d%0a++++++%3cTD+Style%3d%22Class46%22+Merge%3d%22False%22+RowSpan%3d%22%22+ColSpan%3d%22%22+Format%3d%22General%22+Width%3d%2248%22+Text%3d%22%22+Height%3d%2215%22+Align%3d%22Left%22+CellHasFormula%3d%22False%22+FontName%3d%22Calibri%22+WrapText%3d%22False%22+FontSize%3d%2211%22+X%3d%2216%22+Y%3d%2239%22+%2f%3e%0d%0a++++%3c%2fTR%3e%0d%0a++++%3cTR%3e%0d%0a++++++%3cTD+Style%3d%22Class46%22+Merge%3d%22False%22+RowSpan%3d%22%22+ColSpan%3d%22%22+Format%3d%22General%22+Width%3d%2248%22+Text%3d%22%22+Height%3d%2215%22+Align%3d%22Left%22+CellHasFormula%3d%22False%22+FontName%3d%22Calibri%22+WrapText%3d%22False%22+FontSize%3d%2211%22+X%3d%221%22+Y%3d%2240%22+%2f%3e%0d%0a++++++%3cTD+Style%3d%22Class46%22+Merge%3d%22False%22+RowSpan%3d%22%22+ColSpan%3d%22%22+Format%3d%22General%22+Width%3d%2248%22+Text%3d%22%22+Height%3d%2215%22+Align%3d%22Left%22+CellHasFormula%3d%22False%22+FontName%3d%22Calibri%22+WrapText%3d%22False%22+FontSize%3d%2211%22+X%3d%222%22+Y%3d%2240%22+%2f%3e%0d%0a++++++%3cTD+Style%3d%22Class46%22+Merge%3d%22False%22+RowSpan%3d%22%22+ColSpan%3d%22%22+Format%3d%22General%22+Width%3d%2248%22+Text%3d%22%22+Height%3d%2215%22+Align%3d%22Left%22+CellHasFormula%3d%22False%22+FontName%3d%22Calibri%22+WrapText%3d%22False%22+FontSize%3d%2211%22+X%3d%223%22+Y%3d%2240%22+%2f%3e%0d%0a++++++%3cTD+Style%3d%22Class46%22+Merge%3d%22False%22+RowSpan%3d%22%22+ColSpan%3d%22%22+Format%3d%22General%22+Width%3d%2248%22+Text%3d%22%22+Height%3d%2215%22+Align%3d%22Left%22+CellHasFormula%3d%22False%22+FontName%3d%22Calibri%22+WrapText%3d%22False%22+FontSize%3d%2211%22+X%3d%224%22+Y%3d%2240%22+%2f%3e%0d%0a++++++%3cTD+St"}}]
["%3c%3fxml+version%3d%221.0%22+encoding%3d%22utf-16%22%3f%3e%0d%0a%3cPageLayouts+xmlns%3axsi%3d%22http%3a%2f%2fwww.w3.org%2f2001%2fXMLSchema-instance%22+xmlns%3axsd%3d%22http%3a%2f%2fwww.w3.org%2f2001%2fXMLSchema%22+IsTabsVisible%3d%22true%22+InitialPageIndex%3d%220%22%3e%0d%0a++%3cPageLayout+Index%3d%220%22+IsPageHidingEnabled%3d%22false%22+Order%3d%220%22+FileName%3d%221.+Dashboard%22+IsAjaxEnabled%3d%22true%22+Recipient%3d%22Enter+e-mail+address+here.%22+Location%3d%22Bottom%22+Alignment%3d%22Center%22+AutoResponseEmail%3d%22False%22+NotificationEmail%3d%22False%22+PageForwarding%3d%22False%22+PageForwardingCustomPage%3d%22False%22+PageForwardingIsExternalURL%3d%22False%22+PageForwardingExternalURL%3d%22None%22%3e%0d%0a++++%3cControls%3e%0d%0a++++++%3cPageControl+Enabled%3d%22false%22+Type%3d%22Calculate%22+Order%3d%220%22+CellLink%3d%22DEFAULT%22+Name%3d%22Calculate%22+%2f%3e%0d%0a++++++%3cPageControl+Enabled%3d%22false%22+Type%3d%22Reset%22+Order%3d%221%22+CellLink%3d%22DEFAULT%22+Name%3d%22Reset%22+%2f%3e%0d%0a++++++%3cPageControl+Enabled%3d%22false%22+Type%3d%22Send+Results%22+Order%3d%222%22+CellLink%3d%22DEFAULT%22+Name%3d%22Submit%22+%2f%3e%0d%0a++++++%3cPageControl+Enabled%3d%22false%22+Type%3d%22Save%22+Order%3d%223%22+CellLink%3d%22DEFAULT%22+Name%3d%22Save%22+%2f%3e%0d%0a++++++%3cPageControl+Enabled%3d%22false%22+Type%3d%22Back%22+Order%3d%225%22+CellLink%3d%22DEFAULT%22+Name%3d%22Back%22+%2f%3e%0d%0a++++++%3cPageControl+Enabled%3d%22false%22+Type%3d%22Next%22+Order%3d%224%22+CellLink%3d%22DEFAULT%22+Name%3d%22Next%22+%2f%3e%0d%0a++++%3c%2fControls%3e%0d%0a++%3c%2fPageLayout%3e%0d%0a++%3cApplicationName%3eHR_Dashboard%3c%2fApplicationName%3e%0d%0a%3c%2fPageLayouts%3e"]
["\n.Class45{font-family: Verdana; font-size:14pt; color:#376091;font-weight: bold;border: 0.5pt  None  Black ;background-color:White; text-align:center;vertical-align:middle;}\n.Class46{font-family: Calibri; font-size:11pt; color:Black;border: 0.5pt  None  Black ;background-color:White; text-align:left;vertical-align:bottom;}\n.Class47{font-family: Calibri; font-size:11pt; color:Black;border: 0.5pt  None  Black ;background-color:White; text-align:left;vertical-align:middle;}\n.Class48{font-family: Calibri; font-size:11pt; color:#EEECE1;font-weight: bold;border-bottom-style: Solid ;border-width: 0.5pt ;border-top-color: Black ;border-left-color: Black ;border-right-color: Black ;border-bottom-color: #376091 ;background-color:#376091; text-align:left;vertical-align:middle;}\n.Class49{font-family: Calibri; font-size:11pt; color:#EEECE1;font-weight: bold;border-bottom-style: Solid ;border-width: 0.5pt ;border-top-color: Black ;border-left-color: Black ;border-right-color: Black ;border-bottom-color: #376091 ;background-color:#376091; text-align:right;vertical-align:middle;}\n.Class50{font-family: Calibri; font-size:11pt; color:Black;border-top-style: Solid ;border-bottom-style: Solid ;border-width: 0.5pt ;border-top-color: #376091 ;border-left-color: Black ;border-right-color: Black ;border-bottom-color: #376091 ;background-color:#B8CCE4; text-align:left;vertical-align:middle;}\n.Class51{font-family: Calibri; font-size:11pt; color:Black;border-top-style: Solid ;border-bottom-style: Solid ;border-width: 0.5pt ;border-top-color: #376091 ;border-left-color: Black ;border-right-color: Black ;border-bottom-color: #376091 ;background-color:White; text-align:right;vertical-align:middle;}\n.Class52{font-family: Calibri; font-size:11pt; color:Black;border-top-style: Solid ;border-width: 0.5pt ;border-top-color: #376091 ;border-left-color: Black ;border-right-color: Black ;border-bottom-color: Black ;background-color:White; text-align:left;vertical-align:bottom;}"]
["tr-TR"]
["2.0.0.0"]
["Type:System.Runtime.InteropServices.COMException Message:Yazdığınız formülde bir hata var.\n\n• Sık rastlanan formül sorunlarının giderilmesi hakkında bilgi için Yardım'ı tıklatın.\n• İşlev girerken yardım almak için İşlev Sihirbazı'nı tıklatın (Formüller sekmesi, İşlev Kitaplığı grubu).\n• Bir formül girmeye çalışmıyorsanız, eşittir işareti (=) ya da eksi işareti (-) kullanmayın veya tek tırnak işaretiyle (') başlatın. StackTrace:   at System.RuntimeType.ForwardCallToInvokeMember(String memberName, BindingFlags flags, Object target, Int32[] aWrapperTypes, MessageData& msgData)\r\n   at Microsoft.Office.Interop.Excel.Names.Add(Object Name, Object RefersTo, Object Visible, Object MacroType, Object ShortcutKey, Object Category, Object NameLocal, Object RefersToLocal, Object CategoryLocal, Object RefersToR1C1, Object RefersToR1C1Local)\r\n   at Pagos.SpreadsheetWEB.Wizard.Helpers.ExcelHelper.AddName(String Name, String FormulaA1)Type:System.Runtime.InteropServices.COMException Message:Yazdığınız formülde bir hata var.\n\n• Sık rastlanan formül sorunlarının giderilmesi hakkında bilgi için Yardım'ı tıklatın.\n• İşlev girerken yardım almak için İşlev Sihirbazı'nı tıklatın (Formüller sekmesi, İşlev Kitaplığı grubu).\n• Bir formül girmeye çalışmıyorsanız, eşittir işareti (=) ya da eksi işareti (-) kullanmayın veya tek tırnak işaretiyle (') başlatın. StackTrace:   at System.RuntimeType.ForwardCallToInvokeMember(String memberName, BindingFlags flags, Object target, Int32[] aWrapperTypes, MessageData& msgData)\r\n   at Microsoft.Office.Interop.Excel.Names.Add(Object Name, Object RefersTo, Object Visible, Object MacroType, Object ShortcutKey, Object Category, Object NameLocal, Object RefersToLocal, Object CategoryLocal, Object RefersToR1C1, Object RefersToR1C1Local)\r\n   at Pagos.SpreadsheetWEB.Wizard.Helpers.ExcelHelper.AddName(String Name, String FormulaA1)Type:System.Runtime.InteropServices.COMException Message:Yazdığınız formülde bir hata var.\n\n• Sık rastlanan formül sorunlarının giderilmesi hakkında bilgi için Yardım'ı tıklatın.\n• İşlev girerken yardım almak için İşlev Sihirbazı'nı tıklatın (Formüller sekmesi, İşlev Kitaplığı grubu).\n• Bir formül girmeye çalışmıyorsanız, eşittir işareti (=) ya da eksi işareti (-) kullanmayın veya tek tırnak işaretiyle (') başlatın. StackTrace:   at System.RuntimeType.ForwardCallToInvokeMember(String memberName, BindingFlags flags, Object target, Int32[] aWrapperTypes, MessageData& msgData)\r\n   at Microsoft.Office.Interop.Excel.Names.Add(Object Name, Object RefersTo, Object Visible, Object MacroType, Object ShortcutKey, Object Category, Object NameLocal, Object RefersToLocal, Object CategoryLocal, Object RefersToR1C1, Object RefersToR1C1Local)\r\n   at Pagos.SpreadsheetWEB.Wizard.Helpers.ExcelHelper.AddName(String Name, String FormulaA1)Type:System.Runtime.InteropServices.COMException Message:Yazdığınız formülde bir hata var.\n\n• Sık rastlanan formül sorunlarının giderilmesi hakkında bilgi için Yardım'ı tıklatın.\n• İşlev girerken yardım almak için İşlev Sihirbazı'nı tıklatın (Formüller sekmesi, İşlev Kitaplığı grubu).\n• Bir formül girmeye çalışmıyorsanız, eşittir işareti (=) ya da eksi işareti (-) kullanmayın veya tek tırnak işaretiyle (') başlatın. StackTrace:   at System.RuntimeType.ForwardCallToInvokeMember(String memberName, BindingFlags flags, Object target, Int32[] aWrapperTypes, MessageData& msgData)\r\n   at Microsoft.Office.Interop.Excel.Names.Add(Object Name, Object RefersTo, Object Visible, Object MacroType, Object ShortcutKey, Object Category, Object NameLocal, Object RefersToLocal, Object CategoryLocal, Object RefersToR1C1, Object RefersToR1C1Local)\r\n   at Pagos.SpreadsheetWEB.Wizard.Helpers.ExcelHelper.AddName(String Name, String FormulaA1)Type:System.Runtime.InteropServices.COMException Message:Yazdığınız formülde bir hata var.\n\n• Sık rastlanan formül sorunlarının giderilmesi hakkında bilgi için Yardım'ı tıklatın.\n• İşlev girerken yardım almak için İşlev Sihirbazı'nı tıklatın (Formüller sekmesi, İşlev Kitaplığı grubu).\n• Bir formül girmeye çalışmıyorsanız, eşittir işareti (=) ya da eksi işareti (-) kullanmayın veya tek tırnak işaretiyle (') başlatın. StackTrace:   at System.RuntimeType.ForwardCallToInvokeMember(String memberName, BindingFlags flags, Object target, Int32[] aWrapperTypes, MessageData& msgData)\r\n   at Microsoft.Office.Interop.Excel.Names.Add(Object Name, Object RefersTo, Object Visible, Object MacroType, Object ShortcutKey, Object Category, Object NameLocal, Object RefersToLocal, Object CategoryLocal, Object RefersToR1C1, Object RefersToR1C1Local)\r\n   at Pagos.SpreadsheetWEB.Wizard.Helpers.ExcelHelper.AddName(String Name, String FormulaA1)Type:System.Runtime.InteropServices.COMException Message:Yazdığınız formülde bir hata var.\n\n• Sık rastlanan formül sorunlarının giderilmesi hakkında bilgi için Yardım'ı tıklatın.\n• İşlev girerken yardım almak için İşlev Sihirbazı'nı tıklatın (Formüller sekmesi, İşlev Kitaplığı grubu).\n• Bir formül girmeye çalışmıyorsanız, eşittir işareti (=) ya da eksi işareti (-) kullanmayın veya tek tırnak işaretiyle (') başlatın. StackTrace:   at System.RuntimeType.ForwardCallToInvokeMember(String memberName, BindingFlags flags, Object target, Int32[] aWrapperTypes, MessageData& msgData)\r\n   at Microsoft.Office.Interop.Excel.Names.Add(Object Name, Object RefersTo, Object Visible, Object MacroType, Object ShortcutKey, Object Category, Object NameLocal, Object RefersToLocal, Object CategoryLocal, Object RefersToR1C1, Object RefersToR1C1Local)\r\n   at Pagos.SpreadsheetWEB.Wizard.Helpers.ExcelHelper.AddName(String Name, String FormulaA1)Type:System.Runtime.InteropServices.COMException Message:Yazdığınız formülde bir hata var.\n\n• Sık rastlanan formül sorunlarının giderilmesi hakkında bilgi için Yardım'ı tıklatın.\n• İşlev girerken yardım almak için İşlev Sihirbazı'nı tıklatın (Formüller sekmesi, İşlev Kitaplığı grubu).\n• Bir formül girmeye çalışmıyorsanız, eşittir işareti (=) ya da eksi işareti (-) kullanmayın veya tek tırnak işaretiyle (') başlatın. StackTrace:   at System.RuntimeType.ForwardCallToInvokeMember(String memberName, BindingFlags flags, Object target, Int32[] aWrapperTypes, MessageData& msgData)\r\n   at Microsoft.Office.Interop.Excel.Names.Add(Object Name, Object RefersTo, Object Visible, Object MacroType, Object ShortcutKey, Object Category, Object NameLocal, Object RefersToLocal, Object CategoryLocal, Object RefersToR1C1, Object RefersToR1C1Local)\r\n   at Pagos.SpreadsheetWEB.Wizard.Helpers.ExcelHelper.AddName(String Name, String FormulaA1)Type:System.Runtime.InteropServices.COMException Message:Yazdığınız formülde bir hata var.\n\n• Sık rastlanan formül sorunlarının giderilmesi hakkında bilgi için Yardım'ı tıklatın.\n• İşlev girerken yardım almak için İşlev Sihirbazı'nı tıklatın (Formüller sekmesi, İşlev Kitaplığı grubu).\n• Bir formül girmeye çalışmıyorsanız, eşittir işareti (=) ya da eksi işareti (-) kullanmayın veya tek tırnak işaretiyle (') başlatın. StackTrace:   at System.RuntimeType.ForwardCallToInvokeMember(String memberName, BindingFlags flags, Object target, Int32[] aWrapperTypes, MessageData& msgData)\r\n   at Microsoft.Office.Interop.Excel.Names.Add(Object Name, Object RefersTo, Object Visible, Object MacroType, Object ShortcutKey, Object Category, Object NameLocal, Object RefersToLocal, Object CategoryLocal, Object RefersToR1C1, Object RefersToR1C1Local)\r\n   at Pagos.SpreadsheetWEB.Wizard.Helpers.ExcelHelper.AddName(String Name, String FormulaA1)Type:System.Runtime.InteropServices.COMException Message:Yazdığınız formülde bir hata var.\n\n• Sık rastlanan formül sorunlarının giderilmesi hakkında bilgi için Yardım'ı tıklatın.\n• İşlev girerken yardım almak için İşlev Sihirbazı'nı tıklatın (Formüller sekmesi, İşlev Kitaplığı grubu).\n• Bir formül girmeye çalışmıyorsanız, eşittir işareti (=) ya da eksi işareti (-) kullanmayın veya tek tırnak işaretiyle (') başlatın. StackTrace:   at System.RuntimeType.ForwardCallToInvokeMember(String memberName, BindingFlags flags, Object target, Int32[] aWrapperTypes, MessageData& msgData)\r\n   at Microsoft.Office.Interop.Excel.Names.Add(Object Name, Object RefersTo, Object Visible, Object MacroType, Object ShortcutKey, Object Category, Object NameLocal, Object RefersToLocal, Object CategoryLocal, Object RefersToR1C1, Object RefersToR1C1Local)\r\n   at Pagos.SpreadsheetWEB.Wizard.Helpers.ExcelHelper.AddName(String Name, String FormulaA1)Type:System.Runtime.InteropServices.COMException Message:Yazdığınız formülde bir hata var.\n\n• Sık rastlanan formül sorunlarının giderilmesi hakkında bilgi için Yardım'ı tıklatın.\n• İşlev girerken yardım almak için İşlev Sihirbazı'nı tıklatın (Formüller sekmesi, İşlev Kitaplığı grubu).\n• Bir formül girmeye çalışmıyorsanız, eşittir işareti (=) ya da eksi işareti (-) kullanmayın veya tek tırnak işaretiyle (') başlatın. StackTrace:   at System.RuntimeType.ForwardCallToInvokeMember(String memberName, BindingFlags flags, Object target, Int32[] aWrapperTypes, MessageData& msgData)\r\n   at Microsoft.Office.Interop.Excel.Names.Add(Object Name, Object RefersTo, Object Visible, Object MacroType, Object ShortcutKey, Object Category, Object NameLocal, Object RefersToLocal, Object CategoryLocal, Object RefersToR1C1, Object RefersToR1C1Local)\r\n   at Pagos.SpreadsheetWEB.Wizard.Helpers.ExcelHelper.AddName(String Name, String FormulaA1)"]
["UEsFBgAAAAAAAAAAAAAAAAAAAAAAAA%3d%3d"]
[]
[]
["%3c%3fxml+version%3d%221.0%22+encoding%3d%22utf-16%22%3f%3e%0d%0a%3cSavingCells+xmlns%3axsi%3d%22http%3a%2f%2fwww.w3.org%2f2001%2fXMLSchema-instance%22+xmlns%3axsd%3d%22http%3a%2f%2fwww.w3.org%2f2001%2fXMLSchema%22+CellCount%3d%220%22+SavingCellPrefix%3d%22PSWSavingCell_%22+%2f%3e"]